{"id":231,"date":"2019-10-02T16:52:31","date_gmt":"2019-10-02T16:52:31","guid":{"rendered":"http:\/\/backupbrasil.com.br\/?page_id=231"},"modified":"2026-02-19T13:43:48","modified_gmt":"2026-02-19T13:43:48","slug":"compras","status":"publish","type":"page","link":"https:\/\/backupbrasil.com.br\/index.php\/compras\/","title":{"rendered":"Compras"},"content":{"rendered":"\t\t<div data-elementor-type=\"wp-page\" data-elementor-id=\"231\" class=\"elementor elementor-231\" data-elementor-post-type=\"page\">\n\t\t\t\t<div class=\"elementor-element elementor-element-6b24670 e-con-full e-flex e-con e-parent\" data-id=\"6b24670\" data-element_type=\"container\" data-e-type=\"container\" data-settings=\"{&quot;background_background&quot;:&quot;classic&quot;,&quot;shape_divider_bottom&quot;:&quot;mountains&quot;}\">\n\t\t\t\t<div class=\"elementor-shape elementor-shape-bottom\" aria-hidden=\"true\" data-negative=\"false\">\n\t\t\t<svg xmlns=\"http:\/\/www.w3.org\/2000\/svg\" viewBox=\"0 0 1000 100\" preserveAspectRatio=\"none\">\n\t<path class=\"elementor-shape-fill\" opacity=\"0.33\" d=\"M473,67.3c-203.9,88.3-263.1-34-320.3,0C66,119.1,0,59.7,0,59.7V0h1000v59.7 c0,0-62.1,26.1-94.9,29.3c-32.8,3.3-62.8-12.3-75.8-22.1C806,49.6,745.3,8.7,694.9,4.7S492.4,59,473,67.3z\"\/>\n\t<path class=\"elementor-shape-fill\" opacity=\"0.66\" d=\"M734,67.3c-45.5,0-77.2-23.2-129.1-39.1c-28.6-8.7-150.3-10.1-254,39.1 s-91.7-34.4-149.2,0C115.7,118.3,0,39.8,0,39.8V0h1000v36.5c0,0-28.2-18.5-92.1-18.5C810.2,18.1,775.7,67.3,734,67.3z\"\/>\n\t<path class=\"elementor-shape-fill\" d=\"M766.1,28.9c-200-57.5-266,65.5-395.1,19.5C242,1.8,242,5.4,184.8,20.6C128,35.8,132.3,44.9,89.9,52.5C28.6,63.7,0,0,0,0 h1000c0,0-9.9,40.9-83.6,48.1S829.6,47,766.1,28.9z\"\/>\n<\/svg>\t\t<\/div>\n\t\t\t\t<div class=\"elementor-element elementor-element-4442704 elementor-widget__width-initial elementor-invisible elementor-widget elementor-widget-heading\" data-id=\"4442704\" data-element_type=\"widget\" data-e-type=\"widget\" data-settings=\"{&quot;_animation&quot;:&quot;fadeIn&quot;}\" data-widget_type=\"heading.default\">\n\t\t\t\t\t<h2 class=\"elementor-heading-title elementor-size-default\">Compras \u2014 Controle total das compras ao estoque em um \u00fanico fluxo inteligente<\/h2>\t\t\t\t<\/div>\n\t\t\t\t<div class=\"elementor-element elementor-element-06ea4fa elementor-widget__width-initial elementor-invisible elementor-widget elementor-widget-text-editor\" data-id=\"06ea4fa\" data-element_type=\"widget\" data-e-type=\"widget\" data-settings=\"{&quot;_animation&quot;:&quot;fadeIn&quot;}\" data-widget_type=\"text-editor.default\">\n\t\t\t\t\t\t\t\t\t<p>Gerencie todo o ciclo operacional com efici\u00eancia: fa\u00e7a cota\u00e7\u00f5es com fornecedores vari\u00e1veis, emita pedidos de compra, acompanhe o fluxo de produ\u00e7\u00e3o, controle mat\u00e9rias-primas e garanta a entrada autom\u00e1tica dos produtos acabados no estoque \u2014 tudo integrado, organizado e em tempo real.<\/p>\t\t\t\t\t\t\t\t<\/div>\n\t\t\t\t<\/div>\n\t\t<div class=\"elementor-element elementor-element-2420a22 e-flex e-con-boxed e-con e-parent\" data-id=\"2420a22\" data-element_type=\"container\" data-e-type=\"container\">\n\t\t\t\t\t<div class=\"e-con-inner\">\n\t\t<div class=\"elementor-element elementor-element-381b9b8 e-con-full e-flex e-con e-child\" data-id=\"381b9b8\" data-element_type=\"container\" data-e-type=\"container\">\n\t\t\t\t<div class=\"elementor-element elementor-element-fb68d0a elementor-widget elementor-widget-text-editor\" data-id=\"fb68d0a\" data-element_type=\"widget\" data-e-type=\"widget\" data-widget_type=\"text-editor.default\">\n\t\t\t\t\t\t\t\t\t<div class=\"kc-elm kc-css-2243326 kc_col-sm-5 kc_column kc_col-sm-5\"><div class=\"kc-col-container\"><div class=\"kc-elm kc-css-197479 kc_text_block\"><h2>Compras<\/h2><div>\u00a0<\/div><\/div><div class=\"kc-elm kc-css-1653175 kc_text_block\"><ul><li><p>Cota\u00e7\u00e3o de produtos com fornecedores vari\u00e1veis<\/p><\/li><li><p>Pedido de compras<\/p><\/li><li><p>Gerenciamento e fluxo de produ\u00e7\u00e3o<\/p><\/li><li><p>Controle de mat\u00e9rias primas<\/p><\/li><li><p>Entrada dos produtos acabados automaticamente no estoque<\/p><\/li><\/ul><ul class=\"ul-adm\" style=\"vertical-align: baseline; font-family: 'Bree Serif', serif; font-size: 12px; outline: 0px; padding: 0px; margin: 0px; border: 0px; list-style: none; color: #666666;\"><li style=\"vertical-align: baseline; font-variant-numeric: normal; font-variant-east-asian: normal; font-weight: bold; font-stretch: normal; font-size: 16px; line-height: 25px; font-family: 'Archivo Narrow', sans-serif; outline: 0px; padding: 0px; margin: 0px; border: 0px; color: #475b66;\">\u00a0<\/li><\/ul><\/div><\/div><\/div><div class=\"kc-elm kc-css-2564431 kc_col-sm-6 kc_column kc_col-sm-6\"><div class=\"kc-col-container\"><div class=\"kc-elm kc-css-371516 kc_shortcode kc_single_image\">\u00a0<\/div><\/div><\/div>\t\t\t\t\t\t\t\t<\/div>\n\t\t\t\t<\/div>\n\t\t<div class=\"elementor-element elementor-element-e8e5295 e-con-full e-flex e-con e-child\" data-id=\"e8e5295\" data-element_type=\"container\" data-e-type=\"container\">\n\t\t\t\t<div class=\"elementor-element elementor-element-4dd5cb8 elementor-widget elementor-widget-text-editor\" data-id=\"4dd5cb8\" data-element_type=\"widget\" data-e-type=\"widget\" data-widget_type=\"text-editor.default\">\n\t\t\t\t\t\t\t\t\t<p>O sistema integra e automatiza todo o processo operacional, desde a cota\u00e7\u00e3o com m\u00faltiplos fornecedores e emiss\u00e3o de pedidos de compra at\u00e9 o gerenciamento da produ\u00e7\u00e3o e controle de mat\u00e9rias-primas. Tamb\u00e9m realiza a entrada autom\u00e1tica de produtos acabados no estoque, garantindo organiza\u00e7\u00e3o, rastreabilidade e maior efici\u00eancia na gest\u00e3o de compras, produ\u00e7\u00e3o e invent\u00e1rio.<\/p><p>\u00a0<\/p><p><img decoding=\"async\" class=\"\" src=\"http:\/\/backupbrasil.com.br\/wp-content\/uploads\/2019\/10\/imagem-software-compras-backup-braslil-1.png\" alt=\"\" \/><\/p>\t\t\t\t\t\t\t\t<\/div>\n\t\t\t\t<\/div>\n\t\t\t\t\t<\/div>\n\t\t\t\t<\/div>\n\t\t\t\t<\/div>\n\t\t","protected":false},"excerpt":{"rendered":"<p>Compras \u2014 Controle total das compras ao estoque em um \u00fanico fluxo inteligente Gerencie todo o ciclo operacional com efici\u00eancia: fa\u00e7a cota\u00e7\u00f5es com fornecedores vari\u00e1veis, emita pedidos de compra, acompanhe o fluxo de produ\u00e7\u00e3o, controle mat\u00e9rias-primas e garanta a entrada autom\u00e1tica dos produtos acabados no estoque \u2014 tudo integrado, organizado e em tempo real. Compras [&hellip;]<\/p>\n","protected":false},"author":1,"featured_media":0,"parent":0,"menu_order":0,"comment_status":"closed","ping_status":"closed","template":"","meta":{"_joinchat":[],"footnotes":""},"class_list":["post-231","page","type-page","status-publish","hentry"],"_links":{"self":[{"href":"https:\/\/backupbrasil.com.br\/index.php\/wp-json\/wp\/v2\/pages\/231","targetHints":{"allow":["GET"]}}],"collection":[{"href":"https:\/\/backupbrasil.com.br\/index.php\/wp-json\/wp\/v2\/pages"}],"about":[{"href":"https:\/\/backupbrasil.com.br\/index.php\/wp-json\/wp\/v2\/types\/page"}],"author":[{"embeddable":true,"href":"https:\/\/backupbrasil.com.br\/index.php\/wp-json\/wp\/v2\/users\/1"}],"replies":[{"embeddable":true,"href":"https:\/\/backupbrasil.com.br\/index.php\/wp-json\/wp\/v2\/comments?post=231"}],"version-history":[{"count":18,"href":"https:\/\/backupbrasil.com.br\/index.php\/wp-json\/wp\/v2\/pages\/231\/revisions"}],"predecessor-version":[{"id":4034,"href":"https:\/\/backupbrasil.com.br\/index.php\/wp-json\/wp\/v2\/pages\/231\/revisions\/4034"}],"wp:attachment":[{"href":"https:\/\/backupbrasil.com.br\/index.php\/wp-json\/wp\/v2\/media?parent=231"}],"curies":[{"name":"wp","href":"https:\/\/api.w.org\/{rel}","templated":true}]}}